actor of 90 and 90846.
18
Calculate the greatest common divisor of 120 and 3014280.
120
Calculate the greatest common factor of 400 and 1300.
100
Calculate the highest common factor of 14014 and 2912.
182
Calculate the greatest common divisor of 1105 and 15912.
221
What is the greatest common divisor of 5605 and 178475?
295
Calculate the highest common factor of 308778 and 162.
6
What is the greatest common factor of 225 and 6177?
3
Calculate the greatest common divisor of 4368 and 1536.
48
What is the greatest common divisor of 144 and 325776?
48
Calculate the greatest common factor of 270 and 15003.
9
Calculate the highest common divisor of 464 and 199462.
58
What is the greatest common divisor of 822 and 798162?
822
What is the greatest common factor of 10906 and 410?
82
What is the greatest common factor of 123015 and 32665?
695
What is the greatest common divisor of 574 and 28290?
82
What is the greatest common divisor of 499169 and 77?
11
Calculate the highest common factor of 459451 and 248.
31
Calculate the greatest common factor of 5461 and 3937.
127
Calculate the highest common factor of 14 and 34195.
7
What is the highest common divisor of 642 and 621884?
214
What is the highest common divisor of 1475 and 2225?
25
Calculate the highest common factor of 1098 and 648.
18
What is the highest common factor of 40 and 238984?
8
What is the highest common factor of 48537 and 9?
9
Calculate the highest common factor of 304936 and 2256.
376
Calculate the highest common divisor of 59859 and 1181661.
2217
Calculate the highest common divisor of 2193168 and 48.
48
What is the greatest common divisor of 142604 and 4312?
308
What is the greatest common divisor of 1190 and 12835?
85
Calculate the highest common divisor of 118441 and 2822.
83
What is the greatest common divisor of 20862 and 126?
18
What is the highest common factor of 100 and 29780?
20
Calculate the highest common divisor of 37674 and 18.
18
Calculate the highest common factor of 46922 and 232.
58
Calculate the highest common factor of 211530 and 30.
30
Calculate the greatest common factor of 2346 and 1610.
46
What is the highest common factor of 77792 and 83980?
884
What is the highest common divisor of 3830 and 86?
2
What is the greatest common divisor of 1058248 and 4654?
358
Calculate the greatest common factor of 64 and 723136.
64
Calculate the greatest common factor of 75 and 7395.
15
What is the highest common divisor of 22 and 852?
2
What is the greatest common divisor of 45 and 1875915?
45
Calculate the highest common divisor of 2045240 and 80.
40
What is the highest common factor of 419 and 174304?
419
Calculate the greatest common divisor of 3 and 189984.
3
Calculate the highest common divisor of 1456 and 23072.
112
Calculate the highest common factor of 116 and 526.
2
What is the greatest common factor of 806 and 15934?
62
What is the highest common divisor of 203243 and 32129?
361
Calculate the highest common divisor of 288695 and 435.
145
What is the highest common divisor of 364 and 988?
52
What is the greatest common factor of 223377 and 847?
77
Calculate the highest common divisor of 1348679 and 1172.
293
Calculate the highest common divisor of 3813 and 7539572.
1271
Calculate the highest common divisor of 36 and 28548.
36
Calculate the highest common factor of 684 and 232902.
342
Calculate the greatest common divisor of 539 and 44429.
77
Calculate the highest common factor of 6176 and 4192.
32
What is the greatest common factor of 589 and 1121?
19
What is the highest common divisor of 360 and 10140?
60
Calculate the greatest common factor of 108 and 51804.
36
What is the highest common factor of 1596 and 366702?
42
What is the greatest common factor of 940 and 20980?
20
What is the highest common factor of 8089 and 1?
1
Calculate the greatest common divisor of 24757 and 2204.
19
Calculate the greatest common factor of 14539 and 30016.
469
Calculate the highest common factor of 305965 and 220.
55
What is the greatest common factor of 2048 and 548?
4
Calculate the highest common factor of 4290 and 363.
33
What is the greatest common divisor of 78 and 135?
3
What is the highest common factor of 11768 and 52?
4
What is the greatest common factor of 48776 and 273?
91
What is the highest common divisor of 529 and 277495?
23
Calculate the greatest common divisor of 17794 and 12152.
434
What is the greatest common divisor of 4503 and 4740?
237
What is the greatest common factor of 434139 and 188?
47
What is the highest common factor of 100 and 5381025?
25
Calculate the greatest common factor of 156 and 22282.
26
What is the greatest common divisor of 3494388 and 12?
12
Calculate the greatest common factor of 27527765 and 71.
71
What is the greatest common factor of 5317924 and 268?
268
What is the greatest common divisor of 97355 and 5?
5
Calculate the highest common divisor of 375505 and 545.
545
Calculate the highest common factor of 175 and 121775.
25
Calculate the greatest common divisor of 4805 and 3585.
5
What is the greatest common divisor of 166791 and 318?
159
Calculate the greatest common divisor of 340318 and 66.
22
What is the greatest common divisor of 9280 and 9599?
29
Calculate the highest common divisor of 21380 and 40.
20
What is the highest common factor of 15784 and 2456?
8
What is the highest common divisor of 166 and 127654?
166
Calculate the greatest common factor of 700 and 4300.
100
Calculate the greatest common divisor of 968410 and 7713.
857
Calculate the highest common divisor of 759 and 9735.
33
What is the highest common factor of 2825 and 85880?
565
What is the greatest common divisor of 11764 and 383368?
692
Calculate the greatest common divisor of 9154 and 1127.
23
Calculate the highest common factor of 1877943 and 201.
201
Calculate the greatest common factor of 136332 and 252.
252
Calculate the greatest common factor of 68484 and 208.
52
Calculate the highest common factor of 14288 and 344.
8
What is the greatest common factor of 23383 and 36247?
67
Calculate the greatest common divisor of 489 and 738879.
489
Calculate the highest common factor of 1939349 and 19.
19
Calculate the greatest common divisor of 297 and 12447.
27
Calculate the highest common factor of 25542 and 1386.
198
What is the highest common factor of 4688 and 944?
16
What is the highest common divisor of 200 and 13460?
20
Calculate the greatest common divisor of 254 and 285369.
127
Calculate the highest common factor of 161 and 48944.
161
What is the highest common factor of 1735 and 207159?
347
Calculate the highest common divisor of 260 and 11756.
4
What is the highest common factor of 250 and 87125?
125
What is the greatest common divisor of 8642 and 2086?
298
What is the highest common factor of 141 and 2523?
3
What is the greatest common divisor of 17980 and 220?
20
Calculate the greatest common factor of 4412340 and 360.
180
What is the greatest common divisor of 280 and 315?
35
Calculate the greatest common divisor of 13459 and 5719.
43
What is the highest common divisor of 32 and 17860?
4
What is the greatest common divisor of 656911 and 215?
43
Calculate the greatest common factor of 80176 and 64.
16
What is the greatest common divisor of 170 and 17970?
10
What is the highest common divisor of 2622 and 39882?
138
Calculate the greatest common divisor of 1380 and 340320.
60
What is the highest common factor of 26058 and 21414?
258
What is the greatest common divisor of 21462 and 756?
42
What is the highest common divisor of 47775 and 42?
21
Calculate the highest common divisor of 174029 and 493.
493
What is the highest common factor of 8032 and 800?
32
Calculate the highest common divisor of 175134 and 606.
606
What is the highest common divisor of 3419 and 7735?
13
Calculate the greatest common divisor of 6855039 and 9.
9
What is the highest common divisor of 7198 and 22774?
118
Calculate the greatest common divisor of 103 and 47895.
103
What is the greatest common divisor of 43472 and 52?
52
Calculate the highest common factor of 82800 and 7866.
414
Calculate the greatest common factor of 160 and 7240.
40
What is the greatest common divisor of 100647 and 1060?
53
Calculate the highest common divisor of 29 and 132907.
29
What is the greatest common factor o